{"id":10,"date":"2020-10-26T16:11:50","date_gmt":"2020-10-26T16:11:50","guid":{"rendered":"https:\/\/wormup.ischsuper.ch\/?page_id=10"},"modified":"2021-04-27T16:55:21","modified_gmt":"2021-04-27T16:55:21","slug":"wurm-alltag","status":"publish","type":"page","link":"https:\/\/wormup.ischsuper.ch\/?page_id=10","title":{"rendered":"Wurm Alltag"},"content":{"rendered":"<ul class=\"wp-block-latest-posts__list has-dates wp-block-latest-posts\"><li><a class=\"wp-block-latest-posts__post-title\" href=\"https:\/\/wormup.ischsuper.ch\/?p=208\">Wo bleiben die Updates?<\/a><time datetime=\"2021-04-27T16:41:48+00:00\" class=\"wp-block-latest-posts__post-date\">April 27, 2021<\/time><div class=\"wp-block-latest-posts__post-excerpt\">&#8222;es gibt ja fast keine Updates zu deinen W\u00fcrmern&#8220; sprach mich k\u00fcrzlich jemand an. Hm stimmt das ist leider so. Wieso denn eigentlich? Was ist denn geschehen in der Zwischenzeit? Leben sie noch, sind sie davon gelaufen? Nun&#8230; Anfangs lief alles eigentlich sehr gut. Ich freute mich \u00fcber die gefr\u00e4ssigen W\u00fcrmer und war nach kurzer Zeit so weit, dass das erste Gitter eingesetzt werden konnte. Voller&#8230;<\/div><\/li>\n<li><a class=\"wp-block-latest-posts__post-title\" href=\"https:\/\/wormup.ischsuper.ch\/?p=210\">Die Sache mit dem Futterprotokoll<\/a><time datetime=\"2021-04-27T16:38:44+00:00\" class=\"wp-block-latest-posts__post-date\">April 27, 2021<\/time><div class=\"wp-block-latest-posts__post-excerpt\">Ah ja da war dann noch die Seite mit dem Futterprotokoll. Ich hatte mir dies irgendwie einfacher vorgestellt mit dem aktualisieren Aber jedes mal beim F\u00fcttern &#8211; passiert ja irgendwie vor, nach oder w\u00e4hrend dem Kochen, wenn auch die Abf\u00e4lle anfallen &#8211; dann auch noch den PC starten, und die Seite bearbeiten mit den Futterdaten. Das geht gar nicht, oder ist schon wieder vergessen. So blieb&#8230;<\/div><\/li>\n<li><div class=\"wp-block-latest-posts__featured-image alignleft\"><img loading=\"lazy\" decoding=\"async\" width=\"150\" height=\"150\" src=\"https:\/\/wormup.ischsuper.ch\/wp-content\/uploads\/2020\/11\/PXL_20201113_170525046-150x150.jpg\" class=\"attachment-thumbnail size-thumbnail wp-post-image\" alt=\"Blumenerde als Fundament\" style=\"\" \/><\/div><a class=\"wp-block-latest-posts__post-title\" href=\"https:\/\/wormup.ischsuper.ch\/?p=107\">der Einzug Teil 2 &#8211; der Erste Kontakt<\/a><time datetime=\"2020-11-14T10:39:33+00:00\" class=\"wp-block-latest-posts__post-date\">November 14, 2020<\/time><div class=\"wp-block-latest-posts__post-excerpt\">Ich konnte nicht mehr. Ich musste den Sack jetzt einfach \u00f6ffnen. Es gab kein Halten und Warten mehr Ich bin schon sehr stolz, dass ich es noch geschafft habe, den noch verschlossenen Sack zu Fotografieren. Jetzt aber rein in den Komposter damit, sonst springen die W\u00fcrmer noch entgegen und ich muss sie allesamt wieder einfangen. Behutsam den Inhalt des Beutels in den Ton-Komposter geben. Anfangs machte&#8230;<\/div><\/li>\n<li><a class=\"wp-block-latest-posts__post-title\" href=\"https:\/\/wormup.ischsuper.ch\/?p=67\">Der Komposter ist da&#8230;<\/a><time datetime=\"2020-10-31T21:59:40+00:00\" class=\"wp-block-latest-posts__post-date\">Oktober 31, 2020<\/time><div class=\"wp-block-latest-posts__post-excerpt\">Endlich, der Lang ersehnte Komposter ist gestern eingetroffen. jetzt fehlen nur noch die Bewohner. Nichts ahnend im Homeoffice am arbeiten, wollte ich doch nur kurz einen Kaffee holen. T\u00fcre auf vom Arbeitszimmer und beinahe \u00fcber die grosse Kiste gestolpert. Nachbars sind am Umziehen und haben den Boten vermutlich direkt abgefangen und mir das Paket vor die T\u00fcre gestellt. Vorsicht Glas klebt quer \u00fcber die Kiste ein&#8230;<\/div><\/li>\n<\/ul>","protected":false},"excerpt":{"rendered":"","protected":false},"author":1,"featured_media":0,"parent":0,"menu_order":0,"comment_status":"closed","ping_status":"closed","template":"","meta":{"footnotes":""},"class_list":["post-10","page","type-page","status-publish","hentry"],"_links":{"self":[{"href":"https:\/\/wormup.ischsuper.ch\/index.php?rest_route=\/wp\/v2\/pages\/10","targetHints":{"allow":["GET"]}}],"collection":[{"href":"https:\/\/wormup.ischsuper.ch\/index.php?rest_route=\/wp\/v2\/pages"}],"about":[{"href":"https:\/\/wormup.ischsuper.ch\/index.php?rest_route=\/wp\/v2\/types\/page"}],"author":[{"embeddable":true,"href":"https:\/\/wormup.ischsuper.ch\/index.php?rest_route=\/wp\/v2\/users\/1"}],"replies":[{"embeddable":true,"href":"https:\/\/wormup.ischsuper.ch\/index.php?rest_route=%2Fwp%2Fv2%2Fcomments&post=10"}],"version-history":[{"count":3,"href":"https:\/\/wormup.ischsuper.ch\/index.php?rest_route=\/wp\/v2\/pages\/10\/revisions"}],"predecessor-version":[{"id":218,"href":"https:\/\/wormup.ischsuper.ch\/index.php?rest_route=\/wp\/v2\/pages\/10\/revisions\/218"}],"wp:attachment":[{"href":"https:\/\/wormup.ischsuper.ch\/index.php?rest_route=%2Fwp%2Fv2%2Fmedia&parent=10"}],"curies":[{"name":"wp","href":"https:\/\/api.w.org\/{rel}","templated":true}]}}