{"id":8,"date":"2020-10-26T16:10:02","date_gmt":"2020-10-26T16:10:02","guid":{"rendered":"https:\/\/wormup.ischsuper.ch\/?page_id=8"},"modified":"2020-10-26T17:53:55","modified_gmt":"2020-10-26T17:53:55","slug":"vorfreude","status":"publish","type":"page","link":"https:\/\/wormup.ischsuper.ch\/?page_id=8","title":{"rendered":"Vorfreude"},"content":{"rendered":"<ul class=\"wp-block-latest-posts__list has-dates aligncenter wp-block-latest-posts\"><li><div class=\"wp-block-latest-posts__featured-image alignleft\"><img loading=\"lazy\" decoding=\"async\" width=\"150\" height=\"150\" src=\"https:\/\/wormup.ischsuper.ch\/wp-content\/uploads\/2020\/11\/PXL_20201113_170504920-scaled-e1605343268706-150x150.jpg\" class=\"attachment-thumbnail size-thumbnail wp-post-image\" alt=\"offener Karton\" style=\"\" \/><\/div><a class=\"wp-block-latest-posts__post-title\" href=\"https:\/\/wormup.ischsuper.ch\/?p=85\">der Einzug Teil 1 &#8211; die l\u00e4ngste Woche<\/a><time datetime=\"2020-11-14T09:01:24+00:00\" class=\"wp-block-latest-posts__post-date\">November 14, 2020<\/time><div class=\"wp-block-latest-posts__post-excerpt\">Endlich wurde die Ankunft angek\u00fcndigt. doch bis zum Einzug ins neue Heim ist es noch ein weiter Weg&#8230;<\/div><\/li>\n<li><a class=\"wp-block-latest-posts__post-title\" href=\"https:\/\/wormup.ischsuper.ch\/?p=41\">Vorfreude ist die sch\u00f6nste Freude&#8230;<\/a><time datetime=\"2020-10-20T17:18:42+00:00\" class=\"wp-block-latest-posts__post-date\">Oktober 20, 2020<\/time><div class=\"wp-block-latest-posts__post-excerpt\">heisst es doch und ist auch so. Immer wieder z\u00e4hle ich die Wochen bis die Lieferung erfolgen sollte. Diese Freude ist nicht nur sch\u00f6n, sondern auch Brutal. T\u00e4glich beim leeren&#8230;<\/div><\/li>\n<li><a class=\"wp-block-latest-posts__post-title\" href=\"https:\/\/wormup.ischsuper.ch\/?p=39\">der Kauf<\/a><time datetime=\"2020-09-10T17:16:58+00:00\" class=\"wp-block-latest-posts__post-date\">September 10, 2020<\/time><div class=\"wp-block-latest-posts__post-excerpt\">Emotional scheint die Entscheidung getroffen zu sein. Aber wurde der Komposter letzten Endes bestellt?<\/div><\/li>\n<li><a class=\"wp-block-latest-posts__post-title\" href=\"https:\/\/wormup.ischsuper.ch\/?p=33\">langer Weg zur Entscheidung<\/a><time datetime=\"2020-08-31T16:46:00+00:00\" class=\"wp-block-latest-posts__post-date\">August 31, 2020<\/time><div class=\"wp-block-latest-posts__post-excerpt\">Wann ich zum ersten Mal auf das Projekt WormUp.ch aufmerksam wurde und wodurch, weiss ich nicht mehr genau, sicher weiss ich aber dass ich zu Weihnachten 2019 davon Kenntnis und&#8230;<\/div><\/li>\n<\/ul>","protected":false},"excerpt":{"rendered":"","protected":false},"author":1,"featured_media":0,"parent":0,"menu_order":0,"comment_status":"closed","ping_status":"closed","template":"","meta":{"footnotes":""},"class_list":["post-8","page","type-page","status-publish","hentry"],"_links":{"self":[{"href":"https:\/\/wormup.ischsuper.ch\/index.php?rest_route=\/wp\/v2\/pages\/8","targetHints":{"allow":["GET"]}}],"collection":[{"href":"https:\/\/wormup.ischsuper.ch\/index.php?rest_route=\/wp\/v2\/pages"}],"about":[{"href":"https:\/\/wormup.ischsuper.ch\/index.php?rest_route=\/wp\/v2\/types\/page"}],"author":[{"embeddable":true,"href":"https:\/\/wormup.ischsuper.ch\/index.php?rest_route=\/wp\/v2\/users\/1"}],"replies":[{"embeddable":true,"href":"https:\/\/wormup.ischsuper.ch\/index.php?rest_route=%2Fwp%2Fv2%2Fcomments&post=8"}],"version-history":[{"count":4,"href":"https:\/\/wormup.ischsuper.ch\/index.php?rest_route=\/wp\/v2\/pages\/8\/revisions"}],"predecessor-version":[{"id":50,"href":"https:\/\/wormup.ischsuper.ch\/index.php?rest_route=\/wp\/v2\/pages\/8\/revisions\/50"}],"wp:attachment":[{"href":"https:\/\/wormup.ischsuper.ch\/index.php?rest_route=%2Fwp%2Fv2%2Fmedia&parent=8"}],"curies":[{"name":"wp","href":"https:\/\/api.w.org\/{rel}","templated":true}]}}